{"id":3419,"date":"2020-09-11T13:28:22","date_gmt":"2020-09-11T10:28:22","guid":{"rendered":"https:\/\/eng.erciyesderi.com\/?page_id=3419"},"modified":"2020-09-11T14:10:04","modified_gmt":"2020-09-11T11:10:04","slug":"contact-us","status":"publish","type":"page","link":"https:\/\/eng.erciyesderi.com\/index.php\/contact-us\/","title":{"rendered":"CONTACT US"},"content":{"rendered":"<p>[vc_row][vc_column width=&#8221;5\/12&#8243;][vc_gmaps link=&#8221;#E-8_JTNDaWZyYW1lJTIwc3JjJTNEJTIyaHR0cHMlM0ElMkYlMkZ3d3cuZ29vZ2xlLmNvbSUyRm1hcHMlMkZlbWJlZCUzRnBiJTNEJTIxMW0xOCUyMTFtMTIlMjExbTMlMjExZDM4NTM0NS43NTAyNjU5MDY1NiUyMTJkMjguNjY5Nzc5OTIzMjE5NTQ3JTIxM2Q0MS4wMTQwMTY1NDc5NTY1OSUyMTJtMyUyMTFmMCUyMTJmMCUyMTNmMCUyMTNtMiUyMTFpMTAyNCUyMTJpNzY4JTIxNGYxMy4xJTIxM20zJTIxMW0yJTIxMXMweDE0Y2FkOWIwMDAwMDAwMDElMjUzQTB4ZDBkMGZmYTVkZjQwZWVmYSUyMTJzRXJjaXllcyUyNTIwRGVyaSUyMTVlMCUyMTNtMiUyMTFzdHIlMjEyc3RyJTIxNHYxNTk1MDI0OTkzMjQ2JTIxNW0yJTIxMXN0ciUyMTJzdHIlMjIlMjB3aWR0aCUzRCUyMjY1MCUyMiUyMGhlaWdodCUzRCUyMjQ1MCUyMiUyMGZyYW1lYm9yZGVyJTNEJTIyMCUyMiUyMHN0eWxlJTNEJTIyYm9yZGVyJTNBMCUzQiUyMiUyMGFsbG93ZnVsbHNjcmVlbiUzRCUyMiUyMiUyMGFyaWEtaGlkZGVuJTNEJTIyZmFsc2UlMjIlMjB0YWJpbmRleCUzRCUyMjAlMjIlM0UlM0MlMkZpZnJhbWUlM0U=&#8221; title=&#8221;Tuzla \u0130stanbul&#8221;][\/vc_column][vc_column width=&#8221;7\/12&#8243;][vc_row_inner][vc_column_inner width=&#8221;1\/2&#8243;]<div class=\"nasa-title clearfix hr-type-none\"><div class=\"nasa-wrap\"><h4 class=\"nasa-heading-title\"><span class=\"nasa-title-wrap\"><span>Factory Address<\/span><span class=\"nasa-title-hr\"><\/span><\/span><\/h4><\/div><\/div>[vc_column_text]Tuzla Deri Organize San. B\u00f6lg. 9.Yol \u00c7-2 5 Parsel Antik Sk. No:17<\/p>\n<p>Tuzla\/\u0130stanbul T\u00fcrkiye[\/vc_column_text][vc_empty_space height=&#8221;30&#8243;][\/vc_column_inner][vc_column_inner width=&#8221;1\/2&#8243;]<div class=\"nasa-title clearfix hr-type-none\"><div class=\"nasa-wrap\"><h4 class=\"nasa-heading-title\"><span class=\"nasa-title-wrap\"><span>Tel<\/span><span class=\"nasa-title-hr\"><\/span><\/span><\/h4><\/div><\/div>[vc_column_text]Tel\u00a0 : (+090)-216-394-1158<br \/>\nFax : (+090)-216-394-0179[\/vc_column_text][\/vc_column_inner][\/vc_row_inner][vc_empty_space height=&#8221;45&#8243;][vc_row_inner][vc_column_inner width=&#8221;1\/2&#8243;]<div class=\"nasa-title clearfix hr-type-none\"><div class=\"nasa-wrap\"><h4 class=\"nasa-heading-title\"><span class=\"nasa-title-wrap\"><span>E-mail<\/span><span class=\"nasa-title-hr\"><\/span><\/span><\/h4><\/div><\/div>[vc_column_text]info@erciyesderi.com<br \/>\ndestek@erciyesderi.com[\/vc_column_text][vc_empty_space height=&#8221;30&#8243;][\/vc_column_inner][vc_column_inner width=&#8221;1\/2&#8243;]<div class=\"nasa-title clearfix hr-type-none\"><div class=\"nasa-wrap\"><h4 class=\"nasa-heading-title\"><span class=\"nasa-title-wrap\"><span>Follow us<\/span><span class=\"nasa-title-hr\"><\/span><\/span><\/h4><\/div><\/div><div class=\"social-icons nasa-follow\"><div class=\"follow-icon\"><a href=\"https:\/\/twitter.com\/erciyesdericom\" target=\"_blank\" class=\"icon icon_twitter nasa-tip\" data-tip=\"Follow us on Twitter\" title=\"Follow us on Twitter\" rel=\"nofollow\"><i class=\"fa fa-twitter\"><\/i><\/a><a href=\"mailto:info@erciyesderi.com\" target=\"_blank\" class=\"icon icon_email nasa-tip\" data-tip=\"Send us an Email\" title=\"Send us an email\" rel=\"nofollow\"><i class=\"fa fa-envelope-o\"><\/i><\/a><a href=\"https:\/\/www.instagram.com\/erciyesdericom\/?hl=tr\" target=\"_blank\" class=\"icon icon_instagram nasa-tip\" data-tip=\"Follow us on Instagram\" title=\"Follow us on Instagram\" rel=\"nofollow\"><i class=\"fa fa-instagram\"><\/i><\/a><\/div><\/div>[\/vc_column_inner][\/vc_row_inner][vc_empty_space height=&#8221;45&#8243;][\/vc_column][\/vc_row][vc_row][vc_column width=&#8221;5\/12&#8243;][vc_gmaps link=&#8221;#E-8_JTNDaWZyYW1lJTIwc3JjJTNEJTIyaHR0cHMlM0ElMkYlMkZ3d3cuZ29vZ2xlLmNvbSUyRm1hcHMlMkZlbWJlZCUzRnBiJTNEJTIxMW0xOCUyMTFtMTIlMjExbTMlMjExZDMwMTAuMjc0NDI3MjM1MTA4JTIxMmQyOC44ODMzNTU2MTUxNDI1MTMlMjEzZDQxLjAxOTI1MTY3OTI5OTY4NiUyMTJtMyUyMTFmMCUyMTJmMCUyMTNmMCUyMTNtMiUyMTFpMTAyNCUyMTJpNzY4JTIxNGYxMy4xJTIxM20zJTIxMW0yJTIxMXMweDE0Y2FiYjFmZDIxYzI2MDUlMjUzQTB4ZGFjYTM2MDcwOTUwYWZiZiUyMTJzRXJjaXllcyUyNTIwRGVyaSUyMTVlMCUyMTNtMiUyMTFzdHIlMjEyc3RyJTIxNHYxNTk3MTkyMTA5MTgxJTIxNW0yJTIxMXN0ciUyMTJzdHIlMjIlMjB3aWR0aCUzRCUyMjY1MCUyMiUyMGhlaWdodCUzRCUyMjQ1MCUyMiUyMGZyYW1lYm9yZGVyJTNEJTIyMCUyMiUyMHN0eWxlJTNEJTIyYm9yZGVyJTNBMCUzQiUyMiUyMGFsbG93ZnVsbHNjcmVlbiUzRCUyMiUyMiUyMGFyaWEtaGlkZGVuJTNEJTIyZmFsc2UlMjIlMjB0YWJpbmRleCUzRCUyMjAlMjIlM0UlM0MlMkZpZnJhbWUlM0U=&#8221; title=&#8221;G\u00fcng\u00f6ren \u0130stanbul&#8221;][\/vc_column][vc_column width=&#8221;7\/12&#8243;][vc_row_inner][vc_column_inner width=&#8221;1\/2&#8243;]<div class=\"nasa-title clearfix hr-type-none\"><div class=\"nasa-wrap\"><h4 class=\"nasa-heading-title\"><span class=\"nasa-title-wrap\"><span>Store<\/span><span class=\"nasa-title-hr\"><\/span><\/span><\/h4><\/div><\/div>[vc_column_text]Sancaktepe sanayi mahallesi. Ferah sok. No:13\/b<\/p>\n<p>G\u00fcng\u00f6ren\/\u0130stanbul T\u00fcrkiye[\/vc_column_text][vc_empty_space height=&#8221;30&#8243;][\/vc_column_inner][vc_column_inner width=&#8221;1\/2&#8243;]<div class=\"nasa-title clearfix hr-type-none\"><div class=\"nasa-wrap\"><h4 class=\"nasa-heading-title\"><span class=\"nasa-title-wrap\"><span>Tel<\/span><span class=\"nasa-title-hr\"><\/span><\/span><\/h4><\/div><\/div>[vc_column_text]Tel\u00a0 : (+090)-216-394-1158<br \/>\nFax : (+090)-216-394-0179[\/vc_column_text][\/vc_column_inner][\/vc_row_inner][vc_empty_space height=&#8221;45&#8243;][vc_row_inner][vc_column_inner width=&#8221;1\/2&#8243;]<div class=\"nasa-title clearfix hr-type-none\"><div class=\"nasa-wrap\"><h4 class=\"nasa-heading-title\"><span class=\"nasa-title-wrap\"><span>E-mail<\/span><span class=\"nasa-title-hr\"><\/span><\/span><\/h4><\/div><\/div>[vc_column_text]info@erciyesderi.com<br \/>\ndestek@erciyesderi.com[\/vc_column_text][vc_empty_space height=&#8221;30&#8243;][\/vc_column_inner][vc_column_inner width=&#8221;1\/2&#8243;]<div class=\"nasa-title clearfix hr-type-none\"><div class=\"nasa-wrap\"><h4 class=\"nasa-heading-title\"><span class=\"nasa-title-wrap\"><span>Follow us<\/span><span class=\"nasa-title-hr\"><\/span><\/span><\/h4><\/div><\/div><div class=\"social-icons nasa-follow\"><div class=\"follow-icon\"><a href=\"https:\/\/twitter.com\/erciyesdericom\" target=\"_blank\" class=\"icon icon_twitter nasa-tip\" data-tip=\"Follow us on Twitter\" title=\"Follow us on Twitter\" rel=\"nofollow\"><i class=\"fa fa-twitter\"><\/i><\/a><a href=\"mailto:info@erciyesderi.com\" target=\"_blank\" class=\"icon icon_email nasa-tip\" data-tip=\"Send us an Email\" title=\"Send us an email\" rel=\"nofollow\"><i class=\"fa fa-envelope-o\"><\/i><\/a><a href=\"https:\/\/www.instagram.com\/erciyesdericom\/?hl=tr\" target=\"_blank\" class=\"icon icon_instagram nasa-tip\" data-tip=\"Follow us on Instagram\" title=\"Follow us on Instagram\" rel=\"nofollow\"><i class=\"fa fa-instagram\"><\/i><\/a><\/div><\/div>[\/vc_column_inner][\/vc_row_inner][vc_empty_space height=&#8221;45&#8243;]<div role=\"form\" class=\"wpcf7\" id=\"wpcf7-f2151-o1\" lang=\"en-US\" dir=\"ltr\">\n<div class=\"screen-reader-response\" role=\"alert\" aria-live=\"polite\"><\/div>\n<form action=\"\/index.php\/wp-json\/wp\/v2\/pages\/3419#wpcf7-f2151-o1\" method=\"post\" class=\"wpcf7-form init\" novalidate=\"novalidate\">\n<div style=\"display: none;\">\n<input type=\"hidden\" name=\"_wpcf7\" value=\"2151\" \/>\n<input type=\"hidden\" name=\"_wpcf7_version\" value=\"5.2.2\" \/>\n<input type=\"hidden\" name=\"_wpcf7_locale\" value=\"en_US\" \/>\n<input type=\"hidden\" name=\"_wpcf7_unit_tag\" value=\"wpcf7-f2151-o1\" \/>\n<input type=\"hidden\" name=\"_wpcf7_container_post\" value=\"0\" \/>\n<input type=\"hidden\" name=\"_wpcf7_posted_data_hash\" value=\"\" \/>\n<\/div>\n<div class=\"contact-form-footer\">\n<div class=\"row\">\n<div class=\"lt-col large-6 columns\">\n       <label> Your Name (required)<br \/>\n           <span class=\"wpcf7-form-control-wrap your-name\"><input type=\"text\" name=\"your-name\" value=\"\" size=\"40\" class=\"wpcf7-form-control wpcf7-text wpcf7-validates-as-required\" aria-required=\"true\" aria-invalid=\"false\" placeholder=\"Your name\" \/><\/span> <\/label>\n    <\/div>\n<div class=\"lt-col large-6 columns\">\n       <label> Your Email (required)<br \/>\n          <span class=\"wpcf7-form-control-wrap your-email\"><input type=\"email\" name=\"your-email\" value=\"\" size=\"40\" class=\"wpcf7-form-control wpcf7-text wpcf7-email wpcf7-validates-as-required wpcf7-validates-as-email\" aria-required=\"true\" aria-invalid=\"false\" placeholder=\"Your email\" \/><\/span> <\/label>\n    <\/div>\n<\/div>\n<div class=\"row\">\n<div class=\"large-12 columns\">\n         <label> Your Message<br \/>\n         <span class=\"wpcf7-form-control-wrap your-message\"><textarea name=\"your-message\" cols=\"100\" rows=\"10\" class=\"wpcf7-form-control wpcf7-textarea\" aria-invalid=\"false\" placeholder=\"Your message\"><\/textarea><\/span>\n    <\/div>\n<\/div>\n<p><input type=\"submit\" value=\"Submit\" class=\"wpcf7-form-control wpcf7-submit button\" id=\"form-submit\" \/><\/p>\n<\/div>\n<div class=\"wpcf7-response-output\" role=\"alert\" aria-hidden=\"true\"><\/div><\/form><\/div>[\/vc_column][\/vc_row]<\/p>\n","protected":false},"excerpt":{"rendered":"<p>[vc_row][vc_column width=&#8221;5\/12&#8243;][vc_gmaps link=&#8221;#E-8_JTNDaWZyYW1lJTIwc3JjJTNEJTIyaHR0cHMlM0ElMkYlMkZ3d3cuZ29vZ2xlLmNvbSUyRm1hcHMlMkZlbWJlZCUzRnBiJTNEJTIxMW0xOCUyMTFtMTIlMjExbTMlMjExZDM4NTM0NS43NTAyNjU5MDY1NiUyMTJkMjguNjY5Nzc5OTIzMjE5NTQ3JTIxM2Q0MS4wMTQwMTY1NDc5NTY1OSUyMTJtMyUyMTFmMCUyMTJmMCUyMTNmMCUyMTNtMiUyMTFpMTAyNCUyMTJpNzY4JTIxNGYxMy4xJTIxM20zJTIxMW0yJTIxMXMweDE0Y2FkOWIwMDAwMDAwMDElMjUzQTB4ZDBkMGZmYTVkZjQwZWVmYSUyMTJzRXJjaXllcyUyNTIwRGVyaSUyMTVlMCUyMTNtMiUyMTFzdHIlMjEyc3RyJTIxNHYxNTk1MDI0OTkzMjQ2JTIxNW0yJTIxMXN0ciUyMTJzdHIlMjIlMjB3aWR0aCUzRCUyMjY1MCUyMiUyMGhlaWdodCUzRCUyMjQ1MCUyMiUyMGZyYW1lYm9yZGVyJTNEJTIyMCUyMiUyMHN0eWxlJTNEJTIyYm9yZGVyJTNBMCUzQiUyMiUyMGFsbG93ZnVsbHNjcmVlbiUzRCUyMiUyMiUyMGFyaWEtaGlkZGVuJTNEJTIyZmFsc2UlMjIlMjB0YWJpbmRleCUzRCUyMjAlMjIlM0UlM0MlMkZpZnJhbWUlM0U=&#8221; title=&#8221;Tuzla \u0130stanbul&#8221;][\/vc_column][vc_column width=&#8221;7\/12&#8243;][vc_row_inner][vc_column_inner width=&#8221;1\/2&#8243;][vc_column_text]Tuzla Deri Organize San. B\u00f6lg. 9.Yol \u00c7-2 5 Parsel Antik Sk. No:17 Tuzla\/\u0130stanbul T\u00fcrkiye[\/vc_column_text][vc_empty_space height=&#8221;30&#8243;][\/vc_column_inner][vc_column_inner width=&#8221;1\/2&#8243;][vc_column_text]Tel\u00a0 : (+090)-216-394-1158 Fax : (+090)-216-394-0179[\/vc_column_text][\/vc_column_inner][\/vc_row_inner][vc_empty_space height=&#8221;45&#8243;][vc_row_inner][vc_column_inner width=&#8221;1\/2&#8243;][vc_column_text]info@erciyesderi.com destek@erciyesderi.com[\/vc_column_text][vc_empty_space height=&#8221;30&#8243;][\/vc_column_inner][vc_column_inner width=&#8221;1\/2&#8243;][\/vc_column_inner][\/vc_row_inner][vc_empty_space height=&#8221;45&#8243;][\/vc_column][\/vc_row][vc_row][vc_column width=&#8221;5\/12&#8243;][vc_gmaps link=&#8221;#E-8_JTNDaWZyYW1lJTIwc3JjJTNEJTIyaHR0cHMlM0ElMkYlMkZ3d3cuZ29vZ2xlLmNvbSUyRm1hcHMlMkZlbWJlZCUzRnBiJTNEJTIxMW0xOCUyMTFtMTIlMjExbTMlMjExZDMwMTAuMjc0NDI3MjM1MTA4JTIxMmQyOC44ODMzNTU2MTUxNDI1MTMlMjEzZDQxLjAxOTI1MTY3OTI5OTY4NiUyMTJtMyUyMTFmMCUyMTJmMCUyMTNmMCUyMTNtMiUyMTFpMTAyNCUyMTJpNzY4JTIxNGYxMy4xJTIxM20zJTIxMW0yJTIxMXMweDE0Y2FiYjFmZDIxYzI2MDUlMjUzQTB4ZGFjYTM2MDcwOTUwYWZiZiUyMTJzRXJjaXllcyUyNTIwRGVyaSUyMTVlMCUyMTNtMiUyMTFzdHIlMjEyc3RyJTIxNHYxNTk3MTkyMTA5MTgxJTIxNW0yJTIxMXN0ciUyMTJzdHIlMjIlMjB3aWR0aCUzRCUyMjY1MCUyMiUyMGhlaWdodCUzRCUyMjQ1MCUyMiUyMGZyYW1lYm9yZGVyJTNEJTIyMCUyMiUyMHN0eWxlJTNEJTIyYm9yZGVyJTNBMCUzQiUyMiUyMGFsbG93ZnVsbHNjcmVlbiUzRCUyMiUyMiUyMGFyaWEtaGlkZGVuJTNEJTIyZmFsc2UlMjIlMjB0YWJpbmRleCUzRCUyMjAlMjIlM0UlM0MlMkZpZnJhbWUlM0U=&#8221; title=&#8221;G\u00fcng\u00f6ren \u0130stanbul&#8221;][\/vc_column][vc_column width=&#8221;7\/12&#8243;][vc_row_inner][vc_column_inner width=&#8221;1\/2&#8243;][vc_column_text]Sancaktepe sanayi mahallesi. Ferah sok. No:13\/b G\u00fcng\u00f6ren\/\u0130stanbul T\u00fcrkiye[\/vc_column_text][vc_empty_space height=&#8221;30&#8243;][\/vc_column_inner][vc_column_inner width=&#8221;1\/2&#8243;][vc_column_text]Tel\u00a0 : (+090)-216-394-1158 Fax : (+090)-216-394-0179[\/vc_column_text][\/vc_column_inner][\/vc_row_inner][vc_empty_space height=&#8221;45&#8243;][vc_row_inner][vc_column_inner width=&#8221;1\/2&#8243;][vc_column_text]info@erciyesderi.com [&hellip;]<\/p>\n","protected":false},"author":1,"featured_media":0,"parent":0,"menu_order":0,"comment_status":"closed","ping_status":"closed","template":"","meta":[],"_links":{"self":[{"href":"https:\/\/eng.erciyesderi.com\/index.php\/wp-json\/wp\/v2\/pages\/3419"}],"collection":[{"href":"https:\/\/eng.erciyesderi.com\/index.php\/wp-json\/wp\/v2\/pages"}],"about":[{"href":"https:\/\/eng.erciyesderi.com\/index.php\/wp-json\/wp\/v2\/types\/page"}],"author":[{"embeddable":true,"href":"https:\/\/eng.erciyesderi.com\/index.php\/wp-json\/wp\/v2\/users\/1"}],"replies":[{"embeddable":true,"href":"https:\/\/eng.erciyesderi.com\/index.php\/wp-json\/wp\/v2\/comments?post=3419"}],"version-history":[{"count":4,"href":"https:\/\/eng.erciyesderi.com\/index.php\/wp-json\/wp\/v2\/pages\/3419\/revisions"}],"predecessor-version":[{"id":3429,"href":"https:\/\/eng.erciyesderi.com\/index.php\/wp-json\/wp\/v2\/pages\/3419\/revisions\/3429"}],"wp:attachment":[{"href":"https:\/\/eng.erciyesderi.com\/index.php\/wp-json\/wp\/v2\/media?parent=3419"}],"curies":[{"name":"wp","href":"https:\/\/api.w.org\/{rel}","templated":true}]}}